{"id":14,"date":"2017-04-05T12:57:47","date_gmt":"2017-04-05T10:57:47","guid":{"rendered":"http:\/\/borenov.com\/?page_id=14"},"modified":"2017-05-21T20:19:05","modified_gmt":"2017-05-21T18:19:05","slug":"nettoyage-facade","status":"publish","type":"page","link":"http:\/\/borenov.com\/index.php\/nettoyage-facade\/","title":{"rendered":"Nettoyage fa\u00e7ade"},"content":{"rendered":"<p>Nous effectuons le rejointoyage pour les constructions neuves. Pour les anciennes fa\u00e7ades, nous vidons dans un premier temps les anciens joints us\u00e9s par le temps ensuite nous proc\u00e9dons alors au rejointoiement. plusieurs coloris disponible.<\/p>\n<p><img src=\"http:\/\/www.naveri-renovation.fr\/oktThemes\/ra66-s2\/images\/galeries-photos\/nettoyage-et-demoussage\/nettoyage-et-demoussage51.jpg\" alt=\"Image associ\u00e9e\" \/><\/p>\n","protected":false},"excerpt":{"rendered":"<p>Nous effectuons le rejointoyage pour les constructions neuves. Pour les anciennes fa\u00e7ades, nous vidons dans un premier temps les anciens joints us\u00e9s par le temps ensuite nous proc\u00e9dons alors au rejointoiement. plusieurs coloris disponible.<\/p>\n","protected":false},"author":1,"featured_media":0,"parent":0,"menu_order":0,"comment_status":"closed","ping_status":"closed","template":"","meta":[],"_links":{"self":[{"href":"http:\/\/borenov.com\/index.php\/wp-json\/wp\/v2\/pages\/14"}],"collection":[{"href":"http:\/\/borenov.com\/index.php\/wp-json\/wp\/v2\/pages"}],"about":[{"href":"http:\/\/borenov.com\/index.php\/wp-json\/wp\/v2\/types\/page"}],"author":[{"embeddable":true,"href":"http:\/\/borenov.com\/index.php\/wp-json\/wp\/v2\/users\/1"}],"replies":[{"embeddable":true,"href":"http:\/\/borenov.com\/index.php\/wp-json\/wp\/v2\/comments?post=14"}],"version-history":[{"count":3,"href":"http:\/\/borenov.com\/index.php\/wp-json\/wp\/v2\/pages\/14\/revisions"}],"predecessor-version":[{"id":143,"href":"http:\/\/borenov.com\/index.php\/wp-json\/wp\/v2\/pages\/14\/revisions\/143"}],"wp:attachment":[{"href":"http:\/\/borenov.com\/index.php\/wp-json\/wp\/v2\/media?parent=14"}],"curies":[{"name":"wp","href":"https:\/\/api.w.org\/{rel}","templated":true}]}}